= 4*t(n) + 11*y(n). Let x be f(-8). What is the highest common divisor of x and 23?
23
Suppose u + 4 + 2 = 0. Let d(t) = 6*t**2 - 4*t - 25. Let y be d(u). What is the highest common divisor of 129 and y?
43
Let j(c) = -2*c**3 + 33*c**2 - 39*c + 410. Let r be j(16). What is the greatest common divisor of r and 553?
7
Let i be (-3)/(-9) - (-82)/6. Let d(t) = -11*t - 57. Let q be d(-9). Suppose 101*n + q = 104*n. What is the greatest common factor of n and i?
14
Suppose 716 = 19*u - 4667 - 12857. What is the greatest common divisor of u and 260?
20
Let h be (12/1)/(171/(-1755) - 1/(-5)). Calculate the highest common divisor of h and 559.
13
Let n = -98 - -146. Let q(j) = 6*j - 110. Let a be q(19). Suppose -a*v + 10 = -3*p - 50, 40 = 5*v + 5*p. Calculate the greatest common factor of v and n.
12
Let c be 9288 - (-1)/((-68)/(-357)*9/12). What is the highest common divisor of c and 13?
13
Suppose 3*v = v + 196. Suppose 12*z = 14*z - v. Suppose -7 = -8*u + z. Calculate the greatest common factor of u and 49.
7
Let m(f) = f**2 - 40*f + 146. Let w be m(36). Suppose -5*u + 267 = -3*z, -w*u + 4*u = 2*z + 106. What is the greatest common divisor of 162 and u?
54
Suppose 6382 = x + 2*i - 17292, -5*x = -3*i - 118370. Calculate the greatest common divisor of x and 532.
266
Let s(y) = -y**3 - 10*y**2 - 9*y + 5. Let h be s(-9). Suppose -5*z = -0 - h. Let x be (684/(-19))/(z/(-1)). What is the greatest common factor of x and 4?
4
Let m = -213 - -124. Let h = 130 + m. Calculate the greatest common divisor of 779 and h.
41
Suppose 11530*t + 13243 = 11549*t. What is the greatest common factor of t and 2132?
41
Let o = 59 + -57. Suppose -3*d - o*y + 7*y = 36, 2*d + 2*y = -40. Let p be d/((-119)/(-2)) + (-46)/(-14). What is the highest common divisor of p and 6?
3
Suppose -37*x + 1470 = -13*x + 25*x. What is the highest common factor of 111 and x?
3
Let p = -517 + 512. Let i be p + (-9)/(18/(-716)) - 1. What is the greatest common divisor of i and 96?
32
Let x = -702 + 1001. Let n = x - 283. Let i(c) = -c**2 + 5*c + 4. Let j be i(4). Calculate the highest common divisor of j and n.
8
Suppose -b + 1 = -i - 0*i, 5*i - 10 = 2*b. Suppose 42*n + 2960 = 26*n. Let r = n + 220. Calculate the highest common divisor of b and r.
5
Suppose -6*t + 308 = -796. Suppose -4*j + t = 3*b - 422, -5*b - 2*j + 1010 = 0. Let v = b + -134. Calculate the greatest common factor of v and 17.
17
Let t be 974 - 12/6*(-3)/6. Calculate the highest common divisor of 1365 and t.
195
Suppose 2*z = -5*v + 3*v + 46, 2*z + 5*v = 52. Let b(t) = 29*t. Let g be b(3). Let r = g + -24. Calculate the highest common divisor of z and r.
21
Suppose 0 = 19*q - 16*q + 4*s - 70, 2*q - 4*s - 80 = 0. Let t(g) = -4*g**2 + 122*g - 21. Let c be t(q). Calculate the greatest common factor of c and 312.
39
Let h(d) = -d**3 + 11*d - 12. Let q be h(3). Let b = -102 - q. Let i = b + 103. What is the highest common divisor of i and 56?
7
Suppose -5*j + 1572 = j. Let u be ((-2)/(-6) - j/12)*-2. What is the greatest common divisor of 43 and u?
43
Let o(m) = 2*m**2 + 6*m - 25. Let c be o(-7). Let n(i) = i**2 - 31*i + 36. Let w be n(c). Calculate the highest common factor of 27 and w.
9
Let i = -88 - -262. Suppose 776*q - 778*q = -i. What is the greatest common factor of 435 and q?
87
Suppose -2*i - 5*u + 2333 = 0, -2*u + 31 = 2*i - 2311. What is the greatest common factor of i and 4?
2
Suppose 0 = h - 4*q - 55, 268 = 5*h - 4*q - 39. Suppose 0 = -h*w + 583 + 1307. What is the greatest common divisor of w and 230?
10
Let t be 2620*532/70 + 12. What is the greatest common factor of 102 and t?
34
Let u = 10987 - 10880. What is the greatest common divisor of 16 and u?
1
Let l be ((-8)/(-10))/(-4)*-5. Let b be 4 + -8 + (4 - l). Let x be (-27)/(-4) + b/(-4). What is the highest common divisor of 35 and x?
7
Suppose 3*n + 557 = 4*j, -n = 86*j - 89*j + 419. What is the highest common divisor of j and 595?
35
Let h(k) = k**3 - 20*k**2 - 21*k - 242. Let x be h(22). What is the highest common factor of x and 168?
24
Let z = 428 - 352. Let b be (-11)/(-33)*(z + 2). What is the highest common factor of 2 and b?
2
Let b = -403 + 398. Let v(u) = -u**2 + 5*u - 8. Let j be v(7). Let a be (-493)/b - j/55. Calculate the highest common factor of a and 9.
9
Let h = 5290 + 1414. Calculate the greatest common divisor of 112 and h.
16
Let f be (-2)/16 - 51*(-6)/144. Let o be -2 - (-81 + 0 + f). What is the greatest common factor of o and 55?
11
Let p(v) = 19*v**2 - 26 + 71 - 16*v - 50 - 27. Let o be p(-4). Calculate the highest common divisor of 21 and o.
21
Suppose -12*p - 7 = -13*p. Let c(w) = -w**2 + 13*w + 15. Let d be c(12). Let u = d - 13. Calculate the greatest common divisor of p and u.
7
Suppose 2*p + 5*m = 11, 2*p - 3 = -0*m + 3*m. Suppose p*f - 104 + 14 = 0. What is the greatest common factor of f and 48?
6
Suppose 64259 = 167*f + 81*f - 37917. Calculate the greatest common divisor of 2781 and f.
103
Suppose 0 = 5*z - 84 - 126. Suppose o - 3*y - z = 0, 90 = -3*o + 6*o + 3*y. What is the greatest common divisor of o and 11?
11
Let x(q) = -6*q**3 + q + 1. Let a be x(-1). Let w(s) = -16*s**3 - s**2. Let u be w(2). Let g = -66 - u. What is the highest common divisor of a and g?
6
Suppose 2*y - 6*y - 6 = 3*u, 5 = -5*u - 5*y. Suppose -7*d - 2*r = -3*d - 76, 0 = u*d - r - 34. What is the greatest common factor of 42 and d?
6
Let g be ((-224)/5)/((-1)/5). Suppose -4*l - 5*i - 12 = 22, 0 = -2*l - 3*i - 18. Let q be 2/(l/(-8)*40/210). Calculate the greatest common divisor of g and q.
14
Let q(x) = -2*x + 23. Let n(i) = -4*i + 46. Let c(y) = 2*n(y) - 5*q(y). Let b be c(20). Calculate the highest common factor of 272 and b.
17
Suppose 0 = 26*a - 145 - 89. Suppose -r - 5*r = -810. What is the greatest common divisor of r and a?
9
Let l be 6 + -11 + -4 - -57. What is the greatest common factor of l and 282?
6
Let l(v) = v**2 + 7*v - 26. Let f be l(-10). Suppose 2*r - 3 = 7*j - f*j, 5*r = -2*j + 36. What is the highest common factor of r and 48?
6
Let v(a) = -a**2 + 18*a - 37. Let k be v(9). Let d = k + 73. Let x = d - 85. Calculate the greatest common divisor of 8 and x.
8
Suppose -5*b - 5*f + 36 = -104, -5*f = -b + 46. Let m = b + -7. Let t be (0 - -192)*(-5)/(-5). Calculate the greatest common factor of t and m.
24
Let d = -13529 + 19679. Calculate the greatest common factor of 246 and d.
246
Suppose 0 = 6*y - 9*y + 297. Let a = -35 + 34. Let c be (13755/20)/21 - a/4. What is the greatest common divisor of y and c?
33
Suppose 1439 = -18*n + 1760 + 1947. What is the highest common factor of n and 6678?
126
Suppose -2293 = 385*i - 302208. Calculate the greatest common divisor of i and 95.
19
Let q be (190/19)/((-2)/6*-2). Let l(x) = x**2 + 11*x + 40. Let b be l(-11). What is the greatest common divisor of b and q?
5
Let n(b) = b**2 + 36*b + 273. Let v be n(-49). What is the highest common factor of v and 175?
35
Let q(y) = 7*y - 5. Let o be q(-4). Let l be 1 + 39/o - 2/(-11). Let i be l + (-3)/(12/16) - -37. Calculate the greatest common factor of i and 77.
11
Suppose -45*v + 34*v + 99 = 0. Suppose -4*n = 4*u - 16, -2*u = -5*u - 15. Suppose -t - n = -2*t. Calculate the highest common factor of t and v.
9
Let z be -3 + 3 + (4 - -4 - 4). Suppose -z*b = -11*b + 308. Calculate the greatest common factor of 4 and b.
4
Let b(j) = -j**3 + 11*j**2 + 9. Let s be b(11). Let v(k) = k**2 - 13*k + 8. Let x be v(s). Let t = x + 37. Calculate the highest common factor of t and 18.
9
Let k = 2 + 33. Suppose 4*y = -4*s + 11 + 9, 2*y + 5*s - 19 = 0. Suppose 5*v = 2*w + 37, 0 = y*w - 0*w + 2. What is the greatest common factor of k and v?
7
Suppose -463*i = -317*i - 3650. Let h = 113 + -31. Suppose -3*f + h = -68. Calculate the highest common factor of i and f.
25
Let l = -5233 - -5593. What is the greatest common divisor of 855 and l?
45
Let r(x) be the first derivative of x**4/2 + 2*x**3/3 + 7*x**2/2 + x + 94. Let f be r(4). Calculate the highest common factor of f and 84.
21
Let n be 6/(6/(-160)*-1). Suppose 5*m + 6 = -2*h, h + 3 = -3*m + 2*m. Suppose 0*k - 5*k + 160 = m. Calculate the highest common divisor of k and n.
32
Suppose -15*j + 13932 = -3*i, 4668 = 5*j - 3*i + 6*i. Calculate the highest common divisor of 330 and j.
30
Suppose -4*p + 1 = -15. Let v be (-2 +